{"id":924,"date":"2024-07-24T09:07:40","date_gmt":"2024-07-24T09:07:40","guid":{"rendered":"https:\/\/canizmirviptransfer.com\/?page_id=924"},"modified":"2025-04-19T08:21:23","modified_gmt":"2025-04-19T08:21:23","slug":"izmir-vip-dugun-araci-kiralama-unutulmaz-anlar-icin-luks-ve-konfor","status":"publish","type":"page","link":"https:\/\/canizmirviptransfer.com\/?page_id=924","title":{"rendered":"\u0130zmir VIP D\u00fc\u011f\u00fcn Arac\u0131 Kiralama: Unutulmaz Anlar \u0130\u00e7in L\u00fcks ve Konfor"},"content":{"rendered":"\t\t<div data-elementor-type=\"wp-page\" data-elementor-id=\"924\" class=\"elementor elementor-924\">\n\t\t\t\t<div class=\"elementor-element elementor-element-507ccf6a e-flex e-con-boxed e-con e-parent\" data-id=\"507ccf6a\" data-element_type=\"container\">\n\t\t\t\t\t<div class=\"e-con-inner\">\n\t\t\t\t<div class=\"elementor-element elementor-element-28734810 elementor-widget elementor-widget-text-editor\" data-id=\"28734810\" data-element_type=\"widget\" data-widget_type=\"text-editor.default\">\n\t\t\t\t<div class=\"elementor-widget-container\">\n\t\t\t<style>\/*! elementor - v3.23.0 - 15-07-2024 *\/\n.elementor-widget-text-editor.elementor-drop-cap-view-stacked .elementor-drop-cap{background-color:#69727d;color:#fff}.elementor-widget-text-editor.elementor-drop-cap-view-framed .elementor-drop-cap{color:#69727d;border:3px solid;background-color:transparent}.elementor-widget-text-editor:not(.elementor-drop-cap-view-default) .elementor-drop-cap{margin-top:8px}.elementor-widget-text-editor:not(.elementor-drop-cap-view-default) .elementor-drop-cap-letter{width:1em;height:1em}.elementor-widget-text-editor .elementor-drop-cap{float:left;text-align:center;line-height:1;font-size:50px}.elementor-widget-text-editor .elementor-drop-cap-letter{display:inline-block}<\/style>\t\t\t\t<p><!-- wp:heading {\"level\":3} --><\/p>\n<h3 class=\"wp-block-heading\">&nbsp;<\/h3>\n<p><!-- \/wp:heading --><!-- wp:paragraph --><\/p>\n<p>Hayat\u0131n\u0131z\u0131n en \u00f6zel g\u00fcn\u00fcnde, d\u00fc\u011f\u00fcn\u00fcn\u00fcze unutulmaz bir dokunu\u015f katmak i\u00e7in VIP d\u00fc\u011f\u00fcn arac\u0131 kiralama hizmetlerimizle yan\u0131n\u0131zday\u0131z. \u0130zmir&#8217;de sunmu\u015f oldu\u011fumuz l\u00fcks ve konforlu ara\u00e7 se\u00e7enekleri ile d\u00fc\u011f\u00fcn g\u00fcn\u00fcn\u00fcz\u00fc daha da \u00f6zel k\u0131l\u0131yoruz. Size ve sevdiklerinize, bu \u00f6zel g\u00fcn\u00fcn\u00fczde en y\u00fcksek standartlarda hizmet sunarak, her an\u0131n\u0131z\u0131n keyifli ve stressiz ge\u00e7mesini sa\u011fl\u0131yoruz.<\/p>\n<p><!-- \/wp:paragraph --><!-- wp:heading {\"level\":4} --><\/p>\n<h4 class=\"wp-block-heading\">\u0130zmir VIP D\u00fc\u011f\u00fcn Arac\u0131&nbsp; Hizmetlerimizin Avantajlar\u0131<\/h4>\n<p><!-- \/wp:heading --><!-- wp:list --><\/p>\n<ul class=\"wp-block-list\"><!-- wp:list-item --><p><\/p>\n<li><strong>L\u00fcks Ara\u00e7 Se\u00e7enekleri<\/strong>: Geni\u015f ara\u00e7 filomuzda bulunan son model l\u00fcks ara\u00e7larla d\u00fc\u011f\u00fcn g\u00fcn\u00fcn\u00fczde \u015f\u0131kl\u0131\u011f\u0131 ve konforu bir arada ya\u015fay\u0131n. Limuzinlerden klasik arabalara kadar \u00e7e\u015fitli se\u00e7eneklerimiz mevcuttur.<\/li>\n<p><!-- \/wp:list-item --><!-- wp:list-item --><\/p>\n<li><strong>Profesyonel \u015eof\u00f6rler<\/strong>: Deneyimli ve nazik \u015fof\u00f6rlerimiz, d\u00fc\u011f\u00fcn g\u00fcn\u00fcn\u00fczde g\u00fcvenli ve konforlu bir yolculuk sa\u011flamaktad\u0131r. Trafik stresi ya\u015famadan, sevdiklerinizle keyifli anlar ge\u00e7irin.<\/li>\n<p><!-- \/wp:list-item --><!-- wp:list-item --><\/p>\n<li><strong>\u00d6zel S\u00fcsleme Hizmeti<\/strong>: Ara\u00e7lar\u0131m\u0131z, d\u00fc\u011f\u00fcn temas\u0131n\u0131za uygun olarak \u00f6zenle s\u00fcslenir. Arac\u0131n\u0131z, d\u00fc\u011f\u00fcn g\u00fcn\u00fcn\u00fcz\u00fcn zarafetini ve \u015f\u0131kl\u0131\u011f\u0131n\u0131 yans\u0131tacak \u015fekilde haz\u0131rlan\u0131r.<\/li>\n<p><!-- \/wp:list-item --><!-- wp:list-item --><\/p>\n<li><strong>Esneklik ve Ki\u015fiselle\u015ftirme<\/strong>: Hizmetlerimiz, ihtiya\u00e7lar\u0131n\u0131za g\u00f6re ki\u015fiselle\u015ftirilebilir. D\u00fc\u011f\u00fcn g\u00fcn\u00fcn\u00fcz\u00fcn plan\u0131na ve rotas\u0131na uygun olarak esnek \u00e7\u00f6z\u00fcmler sunuyoruz.<\/li>\n<p><!-- \/wp:list-item --><!-- wp:list-item --><\/p>\n<li><strong>Zaman\u0131nda ve G\u00fcvenilir Hizmet<\/strong>: D\u00fc\u011f\u00fcn g\u00fcn\u00fcn\u00fczde her \u015feyin zaman\u0131nda ve sorunsuz ilerlemesi i\u00e7in hizmetlerimizi planl\u0131 ve titiz bir \u015fekilde y\u00fcr\u00fct\u00fcyoruz. Zaman\u0131nda ula\u015f\u0131m ve g\u00fcvenli yolculuk garantisi veriyoruz.<\/li>\n<p><!-- \/wp:list-item --><!-- wp:list-item --><\/p>\n<li><strong>Rekabet\u00e7i Fiyatlar<\/strong>: VIP d\u00fc\u011f\u00fcn arac\u0131 kiralama hizmetlerimizi, b\u00fct\u00e7enize uygun fiyatlarla sunuyoruz. Kalite ve l\u00fcks\u00fc, en uygun fiyatlarla deneyimleyebilirsiniz.<\/li>\n<p><!-- \/wp:list-item --><\/p><\/ul>\n<p><!-- \/wp:list --><!-- wp:heading {\"level\":4} --><\/p>\n<h4 class=\"wp-block-heading\">VIP D\u00fc\u011f\u00fcn S\u00fcreci<\/h4>\n<p><!-- \/wp:heading --><!-- wp:list {\"ordered\":true} --><\/p>\n<ol class=\"wp-block-list\"><!-- wp:list-item --><p><\/p>\n<li><strong>Ara\u00e7 Se\u00e7imi<\/strong>: Ara\u00e7 filomuzu inceleyerek, d\u00fc\u011f\u00fcn g\u00fcn\u00fcn\u00fczde kullanmak istedi\u011finiz arac\u0131 se\u00e7in.<\/li>\n<p><!-- \/wp:list-item --><!-- wp:list-item --><\/p>\n<li><strong>Rezervasyon<\/strong>: Se\u00e7ti\u011finiz arac\u0131, d\u00fc\u011f\u00fcn tarihinize uygun olarak rezerve edin.<\/li>\n<p><!-- \/wp:list-item --><!-- wp:list-item --><\/p>\n<li><strong>Ki\u015fiselle\u015ftirme<\/strong>: Ara\u00e7 s\u00fcsleme ve di\u011fer \u00f6zel taleplerinizi bize iletin.<\/li>\n<p><!-- \/wp:list-item --><!-- wp:list-item --><\/p>\n<li><strong>G\u00fcn Planlamas\u0131<\/strong>: D\u00fc\u011f\u00fcn g\u00fcn\u00fc ula\u015f\u0131m plan\u0131n\u0131z\u0131 ve rotan\u0131z\u0131 belirleyin.<\/li>\n<p><!-- \/wp:list-item --><!-- wp:list-item --><\/p>\n<li><strong>Keyifli Yolculuk<\/strong>: D\u00fc\u011f\u00fcn g\u00fcn\u00fcn\u00fczde, se\u00e7ti\u011finiz ara\u00e7la konforlu ve \u015f\u0131k bir yolculu\u011fun tad\u0131n\u0131 \u00e7\u0131kar\u0131n.<\/li>\n<p><!-- \/wp:list-item --><\/p><\/ol>\n<p><!-- \/wp:list --><!-- wp:paragraph --><\/p>\n<p>D\u00fc\u011f\u00fcn g\u00fcn\u00fcn\u00fczde her an\u0131n\u0131z\u0131n m\u00fckemmel ge\u00e7mesi i\u00e7in VIP d\u00fc\u011f\u00fcn arac\u0131 kiralama hizmetlerimizle yan\u0131n\u0131zday\u0131z. \u0130zmir&#8217;de d\u00fc\u011f\u00fcn\u00fcn\u00fcz\u00fc daha da unutulmaz k\u0131lmak i\u00e7in bizimle ileti\u015fime ge\u00e7in ve r\u00fcya gibi bir d\u00fc\u011f\u00fcn i\u00e7in ilk ad\u0131m\u0131 at\u0131n.<\/p>\n<p><!-- \/wp:paragraph --><!-- wp:paragraph --><\/p>\n<p><!-- \/wp:paragraph --><\/p>\t\t\t\t\t\t<\/div>\n\t\t\t\t<\/div>\n\t\t\t\t\t<\/div>\n\t\t\t\t<\/div>\n\t\t<div class=\"elementor-element elementor-element-cf09f88 e-flex e-con-boxed e-con e-parent\" data-id=\"cf09f88\" data-element_type=\"container\" data-settings=\"{&quot;background_background&quot;:&quot;gradient&quot;}\">\n\t\t\t\t\t<div class=\"e-con-inner\">\n\t\t\t\t<div class=\"elementor-element elementor-element-f077cf3 elementor-widget elementor-widget-spacer\" data-id=\"f077cf3\" data-element_type=\"widget\" data-widget_type=\"spacer.default\">\n\t\t\t\t<div class=\"elementor-widget-container\">\n\t\t\t<style>\/*! elementor - v3.23.0 - 15-07-2024 *\/\n.elementor-column .elementor-spacer-inner{height:var(--spacer-size)}.e-con{--container-widget-width:100%}.e-con-inner>.elementor-widget-spacer,.e-con>.elementor-widget-spacer{width:var(--container-widget-width,var(--spacer-size));--align-self:var(--container-widget-align-self,initial);--flex-shrink:0}.e-con-inner>.elementor-widget-spacer>.elementor-widget-container,.e-con>.elementor-widget-spacer>.elementor-widget-container{height:100%;width:100%}.e-con-inner>.elementor-widget-spacer>.elementor-widget-container>.elementor-spacer,.e-con>.elementor-widget-spacer>.elementor-widget-container>.elementor-spacer{height:100%}.e-con-inner>.elementor-widget-spacer>.elementor-widget-container>.elementor-spacer>.elementor-spacer-inner,.e-con>.elementor-widget-spacer>.elementor-widget-container>.elementor-spacer>.elementor-spacer-inner{height:var(--container-widget-height,var(--spacer-size))}.e-con-inner>.elementor-widget-spacer.elementor-widget-empty,.e-con>.elementor-widget-spacer.elementor-widget-empty{position:relative;min-height:22px;min-width:22px}.e-con-inner>.elementor-widget-spacer.elementor-widget-empty .elementor-widget-empty-icon,.e-con>.elementor-widget-spacer.elementor-widget-empty .elementor-widget-empty-icon{position:absolute;top:0;bottom:0;left:0;right:0;margin:auto;padding:0;width:22px;height:22px}<\/style>\t\t<div class=\"elementor-spacer\">\n\t\t\t<div class=\"elementor-spacer-inner\"><\/div>\n\t\t<\/div>\n\t\t\t\t<\/div>\n\t\t\t\t<\/div>\n\t\t\t\t<div class=\"elementor-element elementor-element-8e47bf6 elementor-widget elementor-widget-heading\" data-id=\"8e47bf6\" data-element_type=\"widget\" data-widget_type=\"heading.default\">\n\t\t\t\t<div class=\"elementor-widget-container\">\n\t\t\t<style>\/*! elementor - v3.23.0 - 15-07-2024 *\/\n.elementor-heading-title{padding:0;margin:0;line-height:1}.elementor-widget-heading .elementor-heading-title[class*=elementor-size-]>a{color:inherit;font-size:inherit;line-height:inherit}.elementor-widget-heading .elementor-heading-title.elementor-size-small{font-size:15px}.elementor-widget-heading .elementor-heading-title.elementor-size-medium{font-size:19px}.elementor-widget-heading .elementor-heading-title.elementor-size-large{font-size:29px}.elementor-widget-heading .elementor-heading-title.elementor-size-xl{font-size:39px}.elementor-widget-heading .elementor-heading-title.elementor-size-xxl{font-size:59px}<\/style><h2 class=\"elementor-heading-title elementor-size-default\"><a href=\"https:\/\/wa.me\/+905064315042\">WhatsApp Hemen Bilgi \u0130\u00e7in T\u0131kla (\u00e7evrimi\u00e7i)<\/a><\/h2>\t\t<\/div>\n\t\t\t\t<\/div>\n\t\t\t\t<div class=\"elementor-element elementor-element-74b0661 elementor-widget elementor-widget-spacer\" data-id=\"74b0661\" data-element_type=\"widget\" data-widget_type=\"spacer.default\">\n\t\t\t\t<div class=\"elementor-widget-container\">\n\t\t\t\t\t<div class=\"elementor-spacer\">\n\t\t\t<div class=\"elementor-spacer-inner\"><\/div>\n\t\t<\/div>\n\t\t\t\t<\/div>\n\t\t\t\t<\/div>\n\t\t\t\t\t<\/div>\n\t\t\t\t<\/div>\n\t\t\t\t<\/div>\n\t\t","protected":false},"excerpt":{"rendered":"<p>&nbsp; Hayat\u0131n\u0131z\u0131n en \u00f6zel g\u00fcn\u00fcnde, d\u00fc\u011f\u00fcn\u00fcn\u00fcze unutulmaz bir dokunu\u015f katmak i\u00e7in VIP d\u00fc\u011f\u00fcn arac\u0131 kiralama hizmetlerimizle yan\u0131n\u0131zday\u0131z. \u0130zmir&#8217;de sunmu\u015f oldu\u011fumuz l\u00fcks ve konforlu ara\u00e7 se\u00e7enekleri ile d\u00fc\u011f\u00fcn g\u00fcn\u00fcn\u00fcz\u00fc daha da \u00f6zel k\u0131l\u0131yoruz. Size ve sevdiklerinize, bu \u00f6zel g\u00fcn\u00fcn\u00fczde en y\u00fcksek standartlarda hizmet sunarak, her an\u0131n\u0131z\u0131n keyifli ve stressiz ge\u00e7mesini sa\u011fl\u0131yoruz. \u0130zmir VIP D\u00fc\u011f\u00fcn Arac\u0131&nbsp; Hizmetlerimizin [&hellip;]<\/p>\n","protected":false},"author":2,"featured_media":0,"parent":0,"menu_order":0,"comment_status":"closed","ping_status":"closed","template":"elementor_header_footer","meta":{"footnotes":""},"class_list":["post-924","page","type-page","status-publish","hentry"],"_links":{"self":[{"href":"https:\/\/canizmirviptransfer.com\/index.php?rest_route=\/wp\/v2\/pages\/924","targetHints":{"allow":["GET"]}}],"collection":[{"href":"https:\/\/canizmirviptransfer.com\/index.php?rest_route=\/wp\/v2\/pages"}],"about":[{"href":"https:\/\/canizmirviptransfer.com\/index.php?rest_route=\/wp\/v2\/types\/page"}],"author":[{"embeddable":true,"href":"https:\/\/canizmirviptransfer.com\/index.php?rest_route=\/wp\/v2\/users\/2"}],"replies":[{"embeddable":true,"href":"https:\/\/canizmirviptransfer.com\/index.php?rest_route=%2Fwp%2Fv2%2Fcomments&post=924"}],"version-history":[{"count":7,"href":"https:\/\/canizmirviptransfer.com\/index.php?rest_route=\/wp\/v2\/pages\/924\/revisions"}],"predecessor-version":[{"id":1197,"href":"https:\/\/canizmirviptransfer.com\/index.php?rest_route=\/wp\/v2\/pages\/924\/revisions\/1197"}],"wp:attachment":[{"href":"https:\/\/canizmirviptransfer.com\/index.php?rest_route=%2Fwp%2Fv2%2Fmedia&parent=924"}],"curies":[{"name":"wp","href":"https:\/\/api.w.org\/{rel}","templated":true}]}}